765. Is i a composite number?
True
Let g(u) be the third derivative of u**5/60 + u**4/8 - u**3 - 67*u**2. Let p(l) = l**2. Let j be p(-2). Is g(j) a prime number?
False
Let a be -7 + 6 - (2 + -12). Suppose 4*w = a*w - 1585. Is w a composite number?
False
Let f(z) = -921*z + 8. Let m(c) = 2*c**2 - 40*c + 35. Let s be m(19). Is f(s) composite?
True
Let h = 1770 - -689. Is h a prime number?
True
Suppose -20 = -2*y + 4*r, 4*y = 3*r - 0*r + 20. Suppose -2*u + 5*v + 2008 = 0, 2*u = v - y*v + 2020. Is u composite?
False
Suppose 3*t = 14 + 49. Is 2715/t + 4/(-14) a composite number?
True
Suppose -4*h + 47 = 7. Let w(r) be the third derivative of r**5/30 + r**4/24 + r**3/6 + r**2 + 7. Is w(h) a prime number?
True
Let s = -3 - -1. Let m be 8 - 9 - (-104 + s). Suppose 3*n - m = 3*z, -z + 74 = 2*n - 4*z. Is n composite?
False
Let g(y) be the third derivative of 127/6*y**3 + 0 + 1/60*y**5 + 0*y**4 + y**2 + 0*y. Is g(0) prime?
True
Suppose -5*p = 2*k + 10, -41 = -5*k + 6*p - 2*p. Let n(l) = 155*l**2 - l - 1. Let z be n(-2). Suppose h + 15 = -2*h, -4*j + z = -k*h. Is j prime?
True
Let w = -25 - -28. Is 1/((-1460)/(-485) - w) a prime number?
True
Let i = -197 + 514. Is i composite?
False
Let t(p) = 7*p - p**3 - 4 - 17*p - 3*p**3 + 7*p. Suppose -o = 4*k + 16, 2*k + 9*o + 26 = 4*o. Is t(k) a prime number?
True
Let t(u) = u**3 - 9*u**2 + u - 10. Let o be t(9). Let d(q) = -465*q**3 - q**2. Let z be d(o). Suppose 7*v - z = -v. Is v prime?
False
Let g(m) = -4*m**3 + m**2 + m + 1. Let r be g(-1). Suppose c = 3*x - 22, -3*c - 46 = -r*x + c. Suppose 4*l + 16 = 0, -3*h + l = -x*h + 881. Is h prime?
False
Let p(s) = s**3 + 34*s**2 + 20*s - 29. Is p(-24) a prime number?
False
Let a(r) = -r**2 + r + 451. Suppose -2*i - 3*i + 3*i = 0. Is a(i) composite?
True
Let g = -7 - -8. Let t be (-100 + 2/(-1))*g. Let n = t + 193. Is n composite?
True
Let y = 2749 + -1740. Is y a prime number?
True
Let q be 2/(-8) + 58/8. Is 0 + 162 + (8 - q) a prime number?
True
Let y = 11553 + -2162. Is y a prime number?
True
Let k = -19682 + 36305. Suppose -11*a + 2*a = -k. Is a prime?
True
Let u = 275 - 180. Let f = u - -11. Is f a prime number?
False
Let y = 8 + -5. Suppose y*p + 2*p + 10 = 0, 1064 = 4*k + 2*p. Suppose -2*v = v - k. Is v prime?
True
Let h(m) = m**3 - 19*m**2 - 17*m + 9. Suppose -110 = -5*d - 0*d. Is h(d) prime?
True
Let l = 1573 + -652. Is l composite?
True
Suppose 0 = -14*q + 33*q - 29621. Is q prime?
True
Is (58/16 + (-5)/40)*326 prime?
False
Suppose 0 = -2*h - 2 - 0. Is 82*5 - ((-2)/h - 3) prime?
False
Suppose 3*l - 3 = 6, 3*s - 2*l - 9 = 0. Suppose 5*y - 1870 = -s*r, -r + 2*r - 372 = y. Is r prime?
True
Suppose 8*t - 365275 = -28803. Is t a prime number?
False
Suppose 5*v + 49 + 36 = 0. Let t = 29 + v. Suppose t*q + 1465 = 17*q. Is q composite?
False
Suppose 9*n - 4*n + 20 = 0, 0 = -4*b + n + 9936. Is b a prime number?
False
Is (((-24180)/6)/(-2) - -8) + -4 a prime number?
False
Suppose -15*h - 7266 = -2*c - 12*h, 0 = -c - 4*h + 3622. Suppose -v + c + 458 = 3*k, 2*k - 2729 = 3*v. Is k composite?
True
Suppose 5*b = 5*a - 40, -5*a - 5*b = -19 - 71. Suppose 7*y - a*y - 9048 = 0. Is -2*(0 - y/(-8)) composite?
True
Suppose 10 = -p + 3*t, -4*t = -4*p - 2 - 6. Suppose 0 = b + p + 3. Let j(k) = -9*k - 2. Is j(b) a composite number?
False
Let c(u) = 5*u**2 - u. Let i be c(1). Suppose -11*a - 2617 = -12*a - i*g, -2*a + 4*g = -5198. Is a a prime number?
False
Let w(k) = k**2 - 3*k + 1. Let z be w(3). Let f be (z - 1)*(-1)/2. Suppose f = m + 3*m - 804. Is m a prime number?
False
Is -2*(-1)/(-13) - 1432350/(-234) a prime number?
True
Is 6/(-30) - (-148928)/65 a composite number?
True
Suppose -549 - 111 = -10*c. Let m = c - -653. Is m a prime number?
True
Suppose -8*a + 6*a = 7*a. Suppose 4*x - 3*o - 3032 = a, 0 = 3*x - 2*o - 0*o - 2275. Is x a prime number?
True
Let k be (-8)/28 + 256/14. Let c be (-208)/(-3) - 6/k. Suppose 2*f - 5*o = 33 + 85, -f + c = -5*o. Is f a prime number?
False
Suppose -28 = s + 5*b - 2512, -s - 4*b + 2483 = 0. Is s composite?
True
Let k be 5/(-2)*644/(-70). Suppose 4*j - 27 = 5*a + k, 5*j = -4*a + 83. Let q = j + 16. Is q a composite number?
False
Suppose 10264 + 11421 = 5*o. Is o composite?
False
Suppose -6*v + 650 = 4*v. Let j = v + 306. Is j a composite number?
True
Suppose -91*a + 82*a = -7785. Is a a composite number?
True
Let w = -2494 - -10401. Is w a composite number?
False
Let j(s) = -s**2 - 4*s - 4. Let a be j(-6). Let o be 3 + (-4)/(a/(-12)). Suppose 4*u - 29 = -k, u - k - 3 - 3 = o. Is u a prime number?
True
Let g(r) = -r**3 - 7*r**2 - 3*r - 3. Let z be g(-7). Suppose 0 = -5*w - 3 + z. Is w*(-4)/(-12) + 110 a prime number?
False
Suppose -9*p + 224288 = 32039. Is p a prime number?
False
Suppose -346 - 346 = 2*s - 5*v, -s + 3*v = 347. Let x = -118 - s. Is x prime?
True
Let m(c) = 8*c - 19. Let b be m(7). Let o = 43 - b. Is o a composite number?
True
Suppose 0 = 3*q + 5*r, -2*q + 3*r = -0*r. Suppose -2*o - v = -934, 5*o + q*v - 2337 = -2*v. Is o a prime number?
False
Let a be ((-8)/(-16))/(1/2). Suppose 0 = 3*t + 2*b - a, -2*b = -2*t - 4 - 2. Is 122 + t/((-1)/(-3)) a prime number?
False
Is ((-7)/(-14))/(4/14584) a composite number?
False
Suppose -j - 3*k + 28 = 0, 2*k = -3*k + 20. Suppose 21*n = j*n + 9895. Is n a composite number?
False
Let a(o) = -209 + 582*o**2 + 100 + 104 + 2*o. Is a(2) prime?
False
Let p = 85 - 83. Suppose 4*s + p*s - 4782 = 0. Is s prime?
True
Suppose -4*r + 772 = -1124. Suppose 5*n - 8*n = -r. Is 8/(-4) - n/(-2) a composite number?
True
Let w(r) = -r**3 - 23*r**2 - 16*r + 47. Is w(-24) prime?
False
Suppose -14*h - 4*m + 42413 = -13*h, -3*m + 84836 = 2*h. Is h a composite number?
True
Let g(a) = 47*a + 11. Let s(x) = 46*x + 12. Let z(b) = 6*g(b) - 5*s(b). Let n be z(5). Suppose 4*k + 3*u = 385, -3*u = -4*k + 125 + n. Is k a composite number?
False
Let d(q) = 10*q**2 + 11*q + 4. Let b be d(8). Suppose -m = m - b. Suppose 0*j - 3*f = -3*j + m, -f = -5. Is j prime?
True
Let b = -1283 + 6066. Is b a prime number?
True
Let f(o) = -4*o - 10. Let h be f(-4). Is (2/h)/((-5)/(-2865)) a prime number?
True
Let i(s) = -s**3 - 4*s**2 - 4. Let l be i(-4). Is ((-7)/l)/((-13)/(-884)) a prime number?
False
Let r(o) = o. Let s(x) = 32*x - 8. Let n(v) = -5*r(v) + s(v). Is n(2) composite?
True
Let s = -23 - -256. Suppose -s = g - y - 2179, -g + 1947 = -2*y. Is g a prime number?
False
Let m(s) = 47*s**2 + 56*s + 46. Is m(28) composite?
True
Suppose 0 = 2*q - 5*s - 3 + 650, 655 = -2*q - 3*s. Let x = q + 1333. Is x a composite number?
True
Let m be (-7)/(-4) + 11/44. Suppose 2*j - w - w = -m, -5*w + 35 = 5*j. Suppose 4*x = -j*a + 356, -a = 4*x + x - 445. Is x a composite number?
False
Suppose 0 = 9*g - 63488 - 31570. Is g composite?
True
Suppose -5*t - 10 = 5. Suppose 4*l - 3*y - 2167 = 0, 0*y - 2715 = -5*l + 5*y. Is l + (1 - 6/t) a composite number?
False
Let f = -7 - -22. Let t(c) = c + 7 - 21*c - 4*c - f*c. Is t(-8) prime?
False
Let c = -1832 - -3271. Is c a prime number?
True
Let f(r) = r**3 + 9*r**2 + 16*r + 14. Let g be f(-7). Suppose g = -11*p + 13*p - 778. Is p a prime number?
True
Suppose 7 + 1 = 4*s. Is 5*2100/4 - (-2 - s) prime?
False
Suppose 6*a + 9*a - 59115 = 0. Is a composite?
True
Let n(r) = -r**3 - 7*r**2 - 7*r - 1. Let x be n(-6). Suppose 0 = -x*l + 531 + 559. Is l a prime number?
False
Let r be 0 + 1 + 3 + -49. Let z = 210 + r. Suppose 3*v + 7*h - 4*h = 126, -4*v + z = 3*h. Is v prime?
False
Suppose -4645 = -0*d - d. Is d a prime number?
False
Let m be 12/2 + -2 - 1. Suppose m*w - 6 = -0*w. Suppose 0 = 4*x - w*x - 212. Is x a composite number?
True
Let k(y) = -7*y + 54. Let d be k(7). Suppose -g = -v - 634, -d*g + v + 3143 = 5*v. Is g composite?
False
Let a be 4 + 0/(16/(-4)). Let p be (-15)/10 + 6/a. Suppose p = 2*g - 5*g + 174. Is g a prime number?
False
Suppose 18 = 4*h + 10. Suppose 3*y = 7*y + b - 140, b = h*y - 76. Suppose -2*c + y = 6. Is c a composite number?
True
Suppose -5*i + 2*b = -18, 7 = 5*i - 5*b - 8. Suppose i*w = -3*l + 1158, -4*l + w = 6*w - 1543. Is l composite?
True
Let b(t) = 3*t**3 - t**2 - 3*t + 4. Suppose 0*y + 3*y = o + 7, 4*y = 5*o + 2. Is b(y) a prime number?
True
Let i = 37 - 35. Is 2/(5*i/8885) a prime number?
True
Suppose -5*i = y - 35339, -2*i + 7*y + 14142 = 9*y. Is i composite?
True
Let z(j) = -5*j